{"id":656,"date":"2023-01-29T01:30:35","date_gmt":"2023-01-29T01:30:35","guid":{"rendered":"https:\/\/funtronic.es\/?post_type=product&#038;p=656"},"modified":"2025-08-13T09:45:42","modified_gmt":"2025-08-13T09:45:42","slug":"proyector-interactivo-con-juegos-educacion","status":"publish","type":"product","link":"https:\/\/funtronic.es\/?product=proyector-interactivo-con-juegos-educacion","title":{"rendered":"Proyector interactivo con juegos EDUCACI\u00d3N incluye 210 juegos"},"content":{"rendered":"<p>Proyector interactivo con el pack EDUCACI\u00d3N viene con la preinstalaci\u00f3n de 210 juegos:<\/p>\n<ul>\n<li>50 juegos del paquete OCIO<\/li>\n<li>50 juegos del paquete EDUCACI\u00d3N<\/li>\n<li>10 juegos del paquete ECOLOG\u00cdA<\/li>\n<li>100 juegos del paquete APRENDE INGL\u00c9S.<\/li>\n<\/ul>\n<p>La l\u00e1mpara con una potencia de 3200 ANSI funciona muy bien en el uso normal en aulas, salas de usos m\u00faltiples y escuelas infantiles.<\/p>\n<p>Disponemos de equipamiento complementario para el PACK EDUCACI\u00d3N\u00a0 juegos interactivos adicionales y\u00a0 bol\u00edgrafos interactivos para el aula, que tambi\u00e9n son compatibles con esta versi\u00f3n. (visite el apartado de complementos)<\/p>\n","protected":false},"excerpt":{"rendered":"<p>Nuestro sistema interactivo con juegos para la educaci\u00f3n es uno de los recursos interactivos mas novedosos del mercado. el aprendizaje del alumno para una etapa temprana de la educaci\u00f3n, comenzando desde el aprendizaje de actividades simples, hasta el aprendizaje de letras, n\u00fameros, frutas, animales. Las actividades educativas entrelazadas con los juegos que forman el paquete OCIO hacen que el aprendizaje sea extremadamente divertido y atractivo para todos los ni\u00f1os. Se utiliza con mayor frecuencia en COLEGIOS y ECUELAS INFANTILES.<\/p>\n[embed]https:\/\/youtu.be\/LrFBs3m1fQ4[\/embed]\n","protected":false},"featured_media":658,"comment_status":"open","ping_status":"closed","template":"","meta":{"site-sidebar-layout":"default","site-content-layout":"default","ast-global-header-display":"","ast-main-header-display":"","ast-hfb-above-header-display":"","ast-hfb-below-header-display":"","ast-hfb-mobile-header-display":"","site-post-title":"","ast-breadcrumbs-content":"","ast-featured-img":"","footer-sml-layout":"","theme-transparent-header-meta":"default","adv-header-id-meta":"","stick-header-meta":"","header-above-stick-meta":"","header-main-stick-meta":"","header-below-stick-meta":""},"product_cat":[18],"product_tag":[],"class_list":{"0":"post-656","1":"product","2":"type-product","3":"status-publish","4":"has-post-thumbnail","6":"product_cat-proyectores-interactivos-con-juegos","7":"desktop-align-left","8":"tablet-align-left","9":"mobile-align-left","11":"first","12":"instock","13":"taxable","14":"shipping-taxable","15":"purchasable","16":"product-type-simple"},"_links":{"self":[{"href":"https:\/\/funtronic.es\/index.php?rest_route=\/wp\/v2\/product\/656","targetHints":{"allow":["GET"]}}],"collection":[{"href":"https:\/\/funtronic.es\/index.php?rest_route=\/wp\/v2\/product"}],"about":[{"href":"https:\/\/funtronic.es\/index.php?rest_route=\/wp\/v2\/types\/product"}],"replies":[{"embeddable":true,"href":"https:\/\/funtronic.es\/index.php?rest_route=%2Fwp%2Fv2%2Fcomments&post=656"}],"wp:featuredmedia":[{"embeddable":true,"href":"https:\/\/funtronic.es\/index.php?rest_route=\/wp\/v2\/media\/658"}],"wp:attachment":[{"href":"https:\/\/funtronic.es\/index.php?rest_route=%2Fwp%2Fv2%2Fmedia&parent=656"}],"wp:term":[{"taxonomy":"product_cat","embeddable":true,"href":"https:\/\/funtronic.es\/index.php?rest_route=%2Fwp%2Fv2%2Fproduct_cat&post=656"},{"taxonomy":"product_tag","embeddable":true,"href":"https:\/\/funtronic.es\/index.php?rest_route=%2Fwp%2Fv2%2Fproduct_tag&post=656"}],"curies":[{"name":"wp","href":"https:\/\/api.w.org\/{rel}","templated":true}]}}