{"id":783,"date":"2023-01-29T11:47:49","date_gmt":"2023-01-29T11:47:49","guid":{"rendered":"https:\/\/funtronic.es\/?post_type=product&#038;p=783"},"modified":"2025-08-13T10:56:46","modified_gmt":"2025-08-13T10:56:46","slug":"proyector-interactivo-ocio-educacion","status":"publish","type":"product","link":"https:\/\/funtronic.es\/?product=proyector-interactivo-ocio-educacion","title":{"rendered":"Proyector interactivo VIP LED con juegos OCIO Y EDUCACI\u00d3N mas completo 210 juegos"},"content":{"rendered":"<p>Proyector interactivo con el PACK MAS COMPLETO viene con la preinstalaci\u00f3n de 160 juegos:<\/p>\n<ul>\n<li>50 juegos del paquete OCIO<\/li>\n<li>50 juegos del paquete EDUCACI\u00d3N<\/li>\n<li>10 juegos del paquete ECOLOG\u00cdA<\/li>\n<li>100 juegos del paquete APRENDE INGL\u00c9S.<\/li>\n<\/ul>\n<p>La l\u00e1mpara con una potencia de 3200 ANSI funciona muy bien en el uso normal en centros comerciales, aulas, salas de usos m\u00faltiples y escuelas infantiles.<\/p>\n<p>Disponemos de equipamiento complementario para \u00e9ste pack completo\u00a0 juegos interactivos adicionales y\u00a0 bol\u00edgrafos interactivos para el aula, que tambi\u00e9n son compatibles con esta versi\u00f3n. (visite el apartado de complementos)<\/p>\n","protected":false},"excerpt":{"rendered":"<p>Nuestro sistema interactivo con juegos tanto para el OCIO como para EDUCACI\u00d3N.<\/p>\n<p>Incluye un proyector con una luminosidad excepcional de 3200 ANSI para que la luz del ambiente no sea un problema<\/p>\n<p>Las actividades educativas entrelazadas con los juegos que forman el paquete OCIO hacen que el aprendizaje sea extremadamente divertido y atractivo para todos los ni\u00f1os. Se utiliza con mayor frecuencia en ZONAS DE JUEGO, CENTROS COMERCIALES, COLEGIOS, ECUELAS INFANTILES, TERAPIAS, CENTROS DE IDIOMAS, MUSEOS, SALAS DE EXPOSICIONES, CL\u00cdNICAS.<\/p>\n[embed]https:\/\/youtu.be\/c6exEdWf9dQ[\/embed]\n<p>&nbsp;<\/p>\n","protected":false},"featured_media":657,"comment_status":"open","ping_status":"closed","template":"","meta":{"site-sidebar-layout":"default","site-content-layout":"default","ast-global-header-display":"","ast-main-header-display":"","ast-hfb-above-header-display":"","ast-hfb-below-header-display":"","ast-hfb-mobile-header-display":"","site-post-title":"","ast-breadcrumbs-content":"","ast-featured-img":"","footer-sml-layout":"","theme-transparent-header-meta":"default","adv-header-id-meta":"","stick-header-meta":"","header-above-stick-meta":"","header-main-stick-meta":"","header-below-stick-meta":""},"product_cat":[18],"product_tag":[],"class_list":{"0":"post-783","1":"product","2":"type-product","3":"status-publish","4":"has-post-thumbnail","6":"product_cat-proyectores-interactivos-con-juegos","7":"desktop-align-left","8":"tablet-align-left","9":"mobile-align-left","11":"first","12":"instock","13":"taxable","14":"shipping-taxable","15":"purchasable","16":"product-type-simple"},"_links":{"self":[{"href":"https:\/\/funtronic.es\/index.php?rest_route=\/wp\/v2\/product\/783","targetHints":{"allow":["GET"]}}],"collection":[{"href":"https:\/\/funtronic.es\/index.php?rest_route=\/wp\/v2\/product"}],"about":[{"href":"https:\/\/funtronic.es\/index.php?rest_route=\/wp\/v2\/types\/product"}],"replies":[{"embeddable":true,"href":"https:\/\/funtronic.es\/index.php?rest_route=%2Fwp%2Fv2%2Fcomments&post=783"}],"wp:featuredmedia":[{"embeddable":true,"href":"https:\/\/funtronic.es\/index.php?rest_route=\/wp\/v2\/media\/657"}],"wp:attachment":[{"href":"https:\/\/funtronic.es\/index.php?rest_route=%2Fwp%2Fv2%2Fmedia&parent=783"}],"wp:term":[{"taxonomy":"product_cat","embeddable":true,"href":"https:\/\/funtronic.es\/index.php?rest_route=%2Fwp%2Fv2%2Fproduct_cat&post=783"},{"taxonomy":"product_tag","embeddable":true,"href":"https:\/\/funtronic.es\/index.php?rest_route=%2Fwp%2Fv2%2Fproduct_tag&post=783"}],"curies":[{"name":"wp","href":"https:\/\/api.w.org\/{rel}","templated":true}]}}