{"id":844,"date":"2023-01-29T14:20:46","date_gmt":"2023-01-29T14:20:46","guid":{"rendered":"https:\/\/funtronic.es\/?post_type=product&#038;p=844"},"modified":"2025-08-13T08:44:36","modified_gmt":"2025-08-13T08:44:36","slug":"pack-juegos-interactivos-aprender-a-escribir","status":"publish","type":"product","link":"https:\/\/funtronic.es\/?product=pack-juegos-interactivos-aprender-a-escribir","title":{"rendered":"Pack juegos interactivos APRENDER A ESCRIBIR 20 juegos"},"content":{"rendered":"<div class=\"ast-oembed-container\" style=\"height: 100%;\"><iframe loading=\"lazy\" title=\"pack juegos de escritura\" width=\"500\" height=\"281\" src=\"https:\/\/www.youtube.com\/embed\/qThkYIzJ1Uc?feature=oembed\" frameborder=\"0\" allow=\"accelerometer; autoplay; clipboard-write; encrypted-media; gyroscope; picture-in-picture; web-share\" referrerpolicy=\"strict-origin-when-cross-origin\" allowfullscreen><\/iframe><\/div>\n<p>Para aprender a escribir, es muy importante acostumbrar la mano a dibujar l\u00edneas, patrones y formas. Alargados, grandes, peque\u00f1os. Desde distintos \u00e1ngulos. Lo mismo ocurre con el dibujo o la pintura. Eso de que a alguien se le d\u00e9 bien el dibujo es m\u00e1s que un decir. Por eso, el paquete \u00abAprender a Escribir\u00bb ofrece tareas que entrenar\u00e1n la mano y har\u00e1n que escribir cartas<br \/>\nsea pan comido. Como parte del aprendizaje a trav\u00e9s del juego, los ni\u00f1os van conociendo letras e incluso aprenden a identifcar palabras enteras.<\/p>\n","protected":false},"excerpt":{"rendered":"<p>Los juegos han sido dise\u00f1ados espec\u00edficamente para apoyar simult\u00e1neamente el desarrollo de las habilidades motoras finas (es decir, la educaci\u00f3n adecuada de la destreza manual) y la coordinaci\u00f3n mano-ojo (es decir, la cooperaci\u00f3n mano-ojo). Gracias a los bol\u00edgrafos interactivos, los ni\u00f1os aprenden a escribir, colorear im\u00e1genes, hacer coincidir los elementos correctos e indicar palabras espec\u00edficas. El paquete se utiliza tanto en los \u00faltimos grupos de jard\u00edn de infantes como en los primeros grados de la escuela primaria.<\/p>\n<p>&nbsp;<\/p>\n","protected":false},"featured_media":829,"comment_status":"open","ping_status":"closed","template":"","meta":{"site-sidebar-layout":"default","site-content-layout":"default","ast-global-header-display":"","ast-main-header-display":"","ast-hfb-above-header-display":"","ast-hfb-below-header-display":"","ast-hfb-mobile-header-display":"","site-post-title":"","ast-breadcrumbs-content":"","ast-featured-img":"","footer-sml-layout":"","theme-transparent-header-meta":"default","adv-header-id-meta":"","stick-header-meta":"","header-above-stick-meta":"","header-main-stick-meta":"","header-below-stick-meta":""},"product_cat":[20],"product_tag":[],"class_list":{"0":"post-844","1":"product","2":"type-product","3":"status-publish","4":"has-post-thumbnail","6":"product_cat-packs-juegos-interactivos","7":"desktop-align-left","8":"tablet-align-left","9":"mobile-align-left","11":"first","12":"instock","13":"taxable","14":"shipping-taxable","15":"purchasable","16":"product-type-simple"},"_links":{"self":[{"href":"https:\/\/funtronic.es\/index.php?rest_route=\/wp\/v2\/product\/844","targetHints":{"allow":["GET"]}}],"collection":[{"href":"https:\/\/funtronic.es\/index.php?rest_route=\/wp\/v2\/product"}],"about":[{"href":"https:\/\/funtronic.es\/index.php?rest_route=\/wp\/v2\/types\/product"}],"replies":[{"embeddable":true,"href":"https:\/\/funtronic.es\/index.php?rest_route=%2Fwp%2Fv2%2Fcomments&post=844"}],"wp:featuredmedia":[{"embeddable":true,"href":"https:\/\/funtronic.es\/index.php?rest_route=\/wp\/v2\/media\/829"}],"wp:attachment":[{"href":"https:\/\/funtronic.es\/index.php?rest_route=%2Fwp%2Fv2%2Fmedia&parent=844"}],"wp:term":[{"taxonomy":"product_cat","embeddable":true,"href":"https:\/\/funtronic.es\/index.php?rest_route=%2Fwp%2Fv2%2Fproduct_cat&post=844"},{"taxonomy":"product_tag","embeddable":true,"href":"https:\/\/funtronic.es\/index.php?rest_route=%2Fwp%2Fv2%2Fproduct_tag&post=844"}],"curies":[{"name":"wp","href":"https:\/\/api.w.org\/{rel}","templated":true}]}}